{"id":21,"date":"2023-07-11T11:24:33","date_gmt":"2023-07-11T09:24:33","guid":{"rendered":"https:\/\/canfranc-somport.pirenifoto.info\/?page_id=21"},"modified":"2025-06-25T09:38:17","modified_gmt":"2025-06-25T07:38:17","slug":"le-transpyrereen-qui-devait-passe-en-soule","status":"publish","type":"page","link":"https:\/\/canfranc-somport.pirenifoto.info\/index.php\/le-transpyrereen-qui-devait-passe-en-soule\/","title":{"rendered":"Le transpyr\u00e9r\u00e9en qui devait pass\u00e9 en Soule"},"content":{"rendered":"\t\t<div data-elementor-type=\"wp-page\" data-elementor-id=\"21\" class=\"elementor elementor-21\">\n\t\t\t\t\t\t<section class=\"elementor-section elementor-top-section elementor-element elementor-element-316ed29c elementor-section-boxed elementor-section-height-default elementor-section-height-default\" data-id=\"316ed29c\" data-element_type=\"section\" data-e-type=\"section\">\n\t\t\t\t\t\t<div class=\"elementor-container elementor-column-gap-default\">\n\t\t\t\t\t<div class=\"elementor-column elementor-col-100 elementor-top-column elementor-element elementor-element-62569e69\" data-id=\"62569e69\" data-element_type=\"column\" data-e-type=\"column\">\n\t\t\t<div class=\"elementor-widget-wrap elementor-element-populated\">\n\t\t\t\t\t\t<div class=\"elementor-element elementor-element-a5dc4cb elementor-widget elementor-widget-text-editor\" data-id=\"a5dc4cb\" data-element_type=\"widget\" data-e-type=\"widget\" data-widget_type=\"text-editor.default\">\n\t\t\t\t<div class=\"elementor-widget-container\">\n\t\t\t\t\t\t\t\t\t<p>La d\u00e9cision du Royaume d&#8217;Espagne de cr\u00e9er une voie ferr\u00e9e au milieu des Pyr\u00e9n\u00e9es date du XIX\u00e8me si\u00e8cle, en plein essor europ\u00e9en du secteur industriel et de la cr\u00e9ation des r\u00e9seaux ferroviaires. Elle s&#8217;est jou\u00e9e sur un contexte politico-historique particulier, qui continue aujourd&#8217;hui encore d&#8217;influer indirectement sur la diplomatie franco-espagnole. C&#8217;est \u00e0 la demande de l&#8217;Espagne, qu&#8217;une commission mixte<b> <\/b>est cr\u00e9\u00e9e en 1865 pour sillonner les Pyr\u00e9n\u00e9es et d\u00e9cider du bon passage pour d\u00e9senclaver la p\u00e9ninsule et se connecter aux trains europ\u00e9ens. Il faut noter que la ligne Bayonne-Irun, qui \u00e9vite le relief pyr\u00e9n\u00e9en, est d\u00e9j\u00e0 en fonctionnement depuis 1864, ce qui aura pour cons\u00e9quence de fermer le centre de douanes d&#8217;Oloron et de mettre un coup de frein \u00e0 l&#8217;activit\u00e9 des n\u00e9gociants arago-b\u00e9arnais, d\u00e9j\u00e0 fervents d\u00e9fenseurs d&#8217;une voie Oloron-Saragosse. Il existait au d\u00e9part douze projets transpyr\u00e9n\u00e9ens, dont trois \u00e9tudi\u00e9s pour la partie ouest\u00a0: Baigorry-Pampelune, Maul\u00e9on-Roncal et Bedous -Jaca. C&#8217;est la ligne Maul\u00e9on-Roncal qui avait la faveur de la commission et du gouvernement fran\u00e7ais. Reprenant l&#8217;\u00e9tude de l&#8217;ing\u00e9nieur toulousain Decomble, elle \u00e9tait consid\u00e9r\u00e9e comme la plus directe, la plus facile \u00e0 r\u00e9aliser techniquement (avec des pentes moins raides qu&#8217;en vall\u00e9e d&#8217;Aspe) et donc par finalit\u00e9, la moins ch\u00e8re \u00e0 r\u00e9aliser. Avec une ligne au d\u00e9part de Maul\u00e9on, qui sera connect\u00e9e \u00e0 Puyoo en 1887, qui passerait par le col de Larrau, ou celui d&#8217;Urda\u00efte, en haut des <a title=\"photo alu Kakueta - boutique Pirenifoto\" href=\"https:\/\/pirenifoto.info\/boutique\/produit\/kakueta\/\" target=\"_blank\" rel=\"noopener sponsored\">gorges de Kakueta<\/a>, pour transiter \u00e0 Roncal puis arriver \u00e0 destination de Castejon de Ebro, dans le sud de la Navarre. Mais, comme l&#8217;\u00e9conomie ne va vas pas sans la politique, ce sont les guerres carlistes qui vont influer indirectement sur la localisation du futur trajet. En effet, le fait que la Navarre soit toute acquise au Carlisme, au contraire de sa voisine aragonaise qui reste fid\u00e8le au roi Alphonse, va faire d\u00e9finitivement pencher le projet en faveur de la ligne Pau-Canfranc. M\u00eame si au Conseil G\u00e9n\u00e9ral des Basses-Pyr\u00e9n\u00e9es, les divisions sont nombreuses, le d\u00e9put\u00e9 aspois F\u00e9lix Larricq remportera d&#8217;une voix le vote en faveur de la ligne Pau Canfranc, appel\u00e9e \u00e9galement transpyr\u00e9n\u00e9en occidental. Apr\u00e8s bien des incertitudes, c&#8217;est en 1904, que le roi d&#8217;Espagne et le pr\u00e9sident de la R\u00e9publique Fran\u00e7aise, signent la <a href=\"https:\/\/canfranc-somport.pirenifoto.info\/index.php\/downloads\/convention-1904\/\">convention<\/a> officialisant le d\u00e9but des travaux. Il faudra attendre presque dix ans de travaux colossaux pour que les vingt-cinq kilom\u00e8tres de lignes entre Bedous et Canfranc voient le jour. Quatre ans pour percer le tunnel avec la jonction sous le Somport en 1912. Malgr\u00e9 la Premi\u00e8re Guerre Mondiale, les travaux d&#8217;infrastructures continuent et c&#8217;est en 1928 que la gare internationale de Canfranc est inaugur\u00e9e par le g\u00e9n\u00e9ral Primo de Rivera, le roi Alphonse XIII, le pr\u00e9sident Gaston Doumergue et le s\u00e9nateur Louis Barthou.<\/p>\t\t\t\t\t\t\t\t<\/div>\n\t\t\t\t<\/div>\n\t\t\t\t\t<\/div>\n\t\t<\/div>\n\t\t\t\t\t<\/div>\n\t\t<\/section>\n\t\t\t\t<\/div>\n\t\t","protected":false},"excerpt":{"rendered":"<p>La d\u00e9cision du Royaume d&#8217;Espagne de cr\u00e9er une voie ferr\u00e9e au milieu des Pyr\u00e9n\u00e9es date du XIX\u00e8me si\u00e8cle, en plein essor europ\u00e9en du secteur industriel et de la cr\u00e9ation des&hellip; <\/p>\n","protected":false},"author":1,"featured_media":0,"parent":0,"menu_order":0,"comment_status":"closed","ping_status":"closed","template":"","meta":{"om_disable_all_campaigns":false,"_monsterinsights_skip_tracking":false,"_monsterinsights_sitenote_active":false,"_monsterinsights_sitenote_note":"","_monsterinsights_sitenote_category":0,"footnotes":""},"class_list":["post-21","page","type-page","status-publish","hentry"],"aioseo_notices":[],"_links":{"self":[{"href":"https:\/\/canfranc-somport.pirenifoto.info\/index.php\/wp-json\/wp\/v2\/pages\/21","targetHints":{"allow":["GET"]}}],"collection":[{"href":"https:\/\/canfranc-somport.pirenifoto.info\/index.php\/wp-json\/wp\/v2\/pages"}],"about":[{"href":"https:\/\/canfranc-somport.pirenifoto.info\/index.php\/wp-json\/wp\/v2\/types\/page"}],"author":[{"embeddable":true,"href":"https:\/\/canfranc-somport.pirenifoto.info\/index.php\/wp-json\/wp\/v2\/users\/1"}],"replies":[{"embeddable":true,"href":"https:\/\/canfranc-somport.pirenifoto.info\/index.php\/wp-json\/wp\/v2\/comments?post=21"}],"version-history":[{"count":14,"href":"https:\/\/canfranc-somport.pirenifoto.info\/index.php\/wp-json\/wp\/v2\/pages\/21\/revisions"}],"predecessor-version":[{"id":196,"href":"https:\/\/canfranc-somport.pirenifoto.info\/index.php\/wp-json\/wp\/v2\/pages\/21\/revisions\/196"}],"wp:attachment":[{"href":"https:\/\/canfranc-somport.pirenifoto.info\/index.php\/wp-json\/wp\/v2\/media?parent=21"}],"curies":[{"name":"wp","href":"https:\/\/api.w.org\/{rel}","templated":true}]}}